[INFO] cloning repository https://github.com/allengueco/raytracing
[INFO] running `Command { std: "git" "-c" "credential.helper=" "-c" "credential.helper=/workspace/cargo-home/bin/git-credential-null" "clone" "--bare" "https://github.com/allengueco/raytracing" "/workspace/cache/git-repos/https%3A%2F%2Fgithub.com%2Fallengueco%2Fraytracing", kill_on_drop: false }`
[INFO] [stderr] Cloning into bare repository '/workspace/cache/git-repos/https%3A%2F%2Fgithub.com%2Fallengueco%2Fraytracing'...
[INFO] running `Command { std: "git" "rev-parse" "HEAD", kill_on_drop: false }`
[INFO] [stdout] f4a88cdee90ff30cfa375339f798efff987904cb
[INFO] checking allengueco/raytracing against master#e6e4f7ed1589e03bc2f6c5931c1a72e7947e8682 for beta-170-4
[INFO] running `Command { std: "git" "clone" "/workspace/cache/git-repos/https%3A%2F%2Fgithub.com%2Fallengueco%2Fraytracing" "/workspace/builds/worker-4-tc2/source", kill_on_drop: false }`
[INFO] [stderr] Cloning into '/workspace/builds/worker-4-tc2/source'...
[INFO] [stderr] done.
[INFO] validating manifest of git repo https://github.com/allengueco/raytracing on toolchain e6e4f7ed1589e03bc2f6c5931c1a72e7947e8682
[INFO] running `Command { std: CARGO_HOME="/workspace/cargo-home" RUSTUP_HOME="/workspace/rustup-home" "/workspace/cargo-home/bin/cargo" "+e6e4f7ed1589e03bc2f6c5931c1a72e7947e8682" "metadata" "--manifest-path" "Cargo.toml" "--no-deps", kill_on_drop: false }`
[INFO] started tweaking git repo https://github.com/allengueco/raytracing
[INFO] finished tweaking git repo https://github.com/allengueco/raytracing
[INFO] tweaked toml for git repo https://github.com/allengueco/raytracing written to /workspace/builds/worker-4-tc2/source/Cargo.toml
[INFO] crate git repo https://github.com/allengueco/raytracing already has a lockfile, it will not be regenerated
[INFO] running `Command { std: CARGO_HOME="/workspace/cargo-home" RUSTUP_HOME="/workspace/rustup-home" "/workspace/cargo-home/bin/cargo" "+e6e4f7ed1589e03bc2f6c5931c1a72e7947e8682" "fetch" "--manifest-path" "Cargo.toml", kill_on_drop: false }`
[INFO] running `Command { std: "docker" "create" "-v" "/var/lib/crater-agent-workspace/builds/worker-4-tc2/target:/opt/rustwide/target:rw,Z" "-v" "/var/lib/crater-agent-workspace/builds/worker-4-tc2/source:/opt/rustwide/workdir:ro,Z" "-v" "/var/lib/crater-agent-workspace/cargo-home:/opt/rustwide/cargo-home:ro,Z" "-v" "/var/lib/crater-agent-workspace/rustup-home:/opt/rustwide/rustup-home:ro,Z" "-e" "SOURCE_DIR=/opt/rustwide/workdir" "-e" "CARGO_TARGET_DIR=/opt/rustwide/target" "-e" "CARGO_HOME=/opt/rustwide/cargo-home" "-e" "RUSTUP_HOME=/opt/rustwide/rustup-home" "-w" "/opt/rustwide/workdir" "-m" "1610612736" "--user" "0:0" "--network" "none" "ghcr.io/rust-lang/crates-build-env/linux@sha256:19e73879b68f455e41552ea35293514db52ea292d993f571636dbffedb77a1ee" "/opt/rustwide/cargo-home/bin/cargo" "+e6e4f7ed1589e03bc2f6c5931c1a72e7947e8682" "metadata" "--no-deps" "--format-version=1", kill_on_drop: false }`
[INFO] [stdout] db0493a68baf3f90bda97a8dd10b3952f50a72591dd3abec03cd057e530b3424
[INFO] running `Command { std: "docker" "start" "-a" "db0493a68baf3f90bda97a8dd10b3952f50a72591dd3abec03cd057e530b3424", kill_on_drop: false }`
[INFO] running `Command { std: "docker" "inspect" "db0493a68baf3f90bda97a8dd10b3952f50a72591dd3abec03cd057e530b3424", kill_on_drop: false }`
[INFO] running `Command { std: "docker" "rm" "-f" "db0493a68baf3f90bda97a8dd10b3952f50a72591dd3abec03cd057e530b3424", kill_on_drop: false }`
[INFO] [stdout] db0493a68baf3f90bda97a8dd10b3952f50a72591dd3abec03cd057e530b3424
[INFO] running `Command { std: "docker" "create" "-v" "/var/lib/crater-agent-workspace/builds/worker-4-tc2/target:/opt/rustwide/target:rw,Z" "-v" "/var/lib/crater-agent-workspace/builds/worker-4-tc2/source:/opt/rustwide/workdir:ro,Z" "-v" "/var/lib/crater-agent-workspace/cargo-home:/opt/rustwide/cargo-home:ro,Z" "-v" "/var/lib/crater-agent-workspace/rustup-home:/opt/rustwide/rustup-home:ro,Z" "-e" "SOURCE_DIR=/opt/rustwide/workdir" "-e" "CARGO_TARGET_DIR=/opt/rustwide/target" "-e" "CARGO_INCREMENTAL=0" "-e" "RUST_BACKTRACE=full" "-e" "RUSTFLAGS=--cap-lints=forbid" "-e" "RUSTDOCFLAGS=--cap-lints=forbid" "-e" "CARGO_HOME=/opt/rustwide/cargo-home" "-e" "RUSTUP_HOME=/opt/rustwide/rustup-home" "-w" "/opt/rustwide/workdir" "-m" "1610612736" "--user" "0:0" "--network" "none" "ghcr.io/rust-lang/crates-build-env/linux@sha256:19e73879b68f455e41552ea35293514db52ea292d993f571636dbffedb77a1ee" "/opt/rustwide/cargo-home/bin/cargo" "+e6e4f7ed1589e03bc2f6c5931c1a72e7947e8682" "check" "--frozen" "--all" "--all-targets" "--message-format=json", kill_on_drop: false }`
[INFO] [stdout] fd107966a4a104956eb70d6fece06b8e6578dcfda51beaf417990679914df843
[INFO] running `Command { std: "docker" "start" "-a" "fd107966a4a104956eb70d6fece06b8e6578dcfda51beaf417990679914df843", kill_on_drop: false }`
[INFO] [stderr]    Compiling libc v0.2.105
[INFO] [stderr]    Compiling crossbeam-utils v0.8.5
[INFO] [stderr]    Compiling crossbeam-epoch v0.9.5
[INFO] [stderr]     Checking scopeguard v1.1.0
[INFO] [stderr]    Compiling rayon-core v1.9.1
[INFO] [stderr]    Compiling memoffset v0.6.4
[INFO] [stderr]    Compiling rayon v1.5.1
[INFO] [stderr]     Checking crossbeam-channel v0.5.1
[INFO] [stderr]     Checking crossbeam-deque v0.8.1
[INFO] [stderr]     Checking getrandom v0.2.3
[INFO] [stderr]     Checking num_cpus v1.13.0
[INFO] [stderr]     Checking rand_core v0.6.3
[INFO] [stderr]     Checking rand_chacha v0.3.1
[INFO] [stderr]     Checking rand v0.8.4
[INFO] [stderr]     Checking rtiow v0.1.0 (/opt/rustwide/workdir)
[INFO] [stdout] error[E0061]: this function takes 3 arguments but 2 arguments were supplied
[INFO] [stdout]   --> src/material.rs:23:33
[INFO] [stdout]    |
[INFO] [stdout] 23 |                 let scattered = Ray::from(rec.p, scatter_dir);
[INFO] [stdout]    |                                 ^^^^^^^^^-------------------- an argument of type `f32` is missing
[INFO] [stdout]    |
[INFO] [stdout] note: associated function defined here
[INFO] [stdout]   --> src/ray.rs:13:12
[INFO] [stdout]    |
[INFO] [stdout] 13 |     pub fn from(origin: Vector3, direction: Vector3, time: Num) -> Self {
[INFO] [stdout]    |            ^^^^ ---------------  ------------------  ---------
[INFO] [stdout] help: provide the argument
[INFO] [stdout]    |
[INFO] [stdout] 23 |                 let scattered = Ray::from(rec.p, scatter_dir, /* f32 */);
[INFO] [stdout]    |                                          ~~~~~~~~~~~~~~~~~~~~~~~~~~~~~~~
[INFO] [stdout] 
[INFO] [stdout] 
[INFO] [stdout] error[E0061]: this function takes 3 arguments but 2 arguments were supplied
[INFO] [stdout]   --> src/material.rs:23:33
[INFO] [stdout]    |
[INFO] [stdout] 23 |                 let scattered = Ray::from(rec.p, scatter_dir);
[INFO] [stdout]    |                                 ^^^^^^^^^-------------------- an argument of type `f32` is missing
[INFO] [stdout]    |
[INFO] [stdout] note: associated function defined here
[INFO] [stdout]   --> src/ray.rs:13:12
[INFO] [stdout]    |
[INFO] [stdout] 13 |     pub fn from(origin: Vector3, direction: Vector3, time: Num) -> Self {
[INFO] [stdout]    |            ^^^^ ---------------  ------------------  ---------
[INFO] [stdout] help: provide the argument
[INFO] [stdout]    |
[INFO] [stdout] 23 |                 let scattered = Ray::from(rec.p, scatter_dir, /* f32 */);
[INFO] [stdout]    |                                          ~~~~~~~~~~~~~~~~~~~~~~~~~~~~~~~
[INFO] [stdout] 
[INFO] [stdout] 
[INFO] [stdout] error[E0061]: this function takes 3 arguments but 2 arguments were supplied
[INFO] [stdout]   --> src/material.rs:28:33
[INFO] [stdout]    |
[INFO] [stdout] 28 |                   let scattered = Ray::from(
[INFO] [stdout]    |  _________________________________^^^^^^^^^-
[INFO] [stdout] 29 | |                     rec.p,
[INFO] [stdout] 30 | |                     reflected + fuzz * Vector3::random_in_unit_sphere(rng),
[INFO] [stdout] 31 | |                 );
[INFO] [stdout]    | |_________________- an argument of type `f32` is missing
[INFO] [stdout]    |
[INFO] [stdout] note: associated function defined here
[INFO] [stdout]   --> src/ray.rs:13:12
[INFO] [stdout]    |
[INFO] [stdout] 13 |     pub fn from(origin: Vector3, direction: Vector3, time: Num) -> Self {
[INFO] [stdout]    |            ^^^^ ---------------  ------------------  ---------
[INFO] [stdout] help: provide the argument
[INFO] [stdout]    |
[INFO] [stdout] 28 |                 let scattered = Ray::from(rec.p, reflected + fuzz * Vector3::random_in_unit_sphere(rng), /* f32 */);
[INFO] [stdout]    |                                          ~~~~~~~~~~~~~~~~~~~~~~~~~~~~~~~~~~~~~~~~~~~~~~~~~~~~~~~~~~~~~~~~~~~~~~~~~~
[INFO] [stdout] 
[INFO] [stdout] 
[INFO] [stdout] error[E0061]: this function takes 3 arguments but 2 arguments were supplied
[INFO] [stdout]   --> src/material.rs:28:33
[INFO] [stdout]    |
[INFO] [stdout] 28 |                   let scattered = Ray::from(
[INFO] [stdout]    |  _________________________________^^^^^^^^^-
[INFO] [stdout] 29 | |                     rec.p,
[INFO] [stdout] 30 | |                     reflected + fuzz * Vector3::random_in_unit_sphere(rng),
[INFO] [stdout] 31 | |                 );
[INFO] [stdout]    | |_________________- an argument of type `f32` is missing
[INFO] [stdout]    |
[INFO] [stdout] note: associated function defined here
[INFO] [stdout]   --> src/ray.rs:13:12
[INFO] [stdout]    |
[INFO] [stdout] 13 |     pub fn from(origin: Vector3, direction: Vector3, time: Num) -> Self {
[INFO] [stdout]    |            ^^^^ ---------------  ------------------  ---------
[INFO] [stdout] help: provide the argument
[INFO] [stdout]    |
[INFO] [stdout] 28 |                 let scattered = Ray::from(rec.p, reflected + fuzz * Vector3::random_in_unit_sphere(rng), /* f32 */);
[INFO] [stdout]    |                                          ~~~~~~~~~~~~~~~~~~~~~~~~~~~~~~~~~~~~~~~~~~~~~~~~~~~~~~~~~~~~~~~~~~~~~~~~~~
[INFO] [stdout] 
[INFO] [stdout] 
[INFO] [stdout] error[E0061]: this function takes 3 arguments but 2 arguments were supplied
[INFO] [stdout]   --> src/material.rs:61:33
[INFO] [stdout]    |
[INFO] [stdout] 61 |                 let scattered = Ray::from(rec.p, direction);
[INFO] [stdout]    |                                 ^^^^^^^^^------------------ an argument of type `f32` is missing
[INFO] [stdout]    |
[INFO] [stdout] note: associated function defined here
[INFO] [stdout]   --> src/ray.rs:13:12
[INFO] [stdout]    |
[INFO] [stdout] 13 |     pub fn from(origin: Vector3, direction: Vector3, time: Num) -> Self {
[INFO] [stdout]    |            ^^^^ ---------------  ------------------  ---------
[INFO] [stdout] help: provide the argument
[INFO] [stdout]    |
[INFO] [stdout] 61 |                 let scattered = Ray::from(rec.p, direction, /* f32 */);
[INFO] [stdout]    |                                          ~~~~~~~~~~~~~~~~~~~~~~~~~~~~~
[INFO] [stdout] 
[INFO] [stdout] 
[INFO] [stdout] error[E0061]: this function takes 3 arguments but 2 arguments were supplied
[INFO] [stdout]   --> src/material.rs:61:33
[INFO] [stdout]    |
[INFO] [stdout] 61 |                 let scattered = Ray::from(rec.p, direction);
[INFO] [stdout]    |                                 ^^^^^^^^^------------------ an argument of type `f32` is missing
[INFO] [stdout]    |
[INFO] [stdout] note: associated function defined here
[INFO] [stdout]   --> src/ray.rs:13:12
[INFO] [stdout]    |
[INFO] [stdout] 13 |     pub fn from(origin: Vector3, direction: Vector3, time: Num) -> Self {
[INFO] [stdout]    |            ^^^^ ---------------  ------------------  ---------
[INFO] [stdout] help: provide the argument
[INFO] [stdout]    |
[INFO] [stdout] 61 |                 let scattered = Ray::from(rec.p, direction, /* f32 */);
[INFO] [stdout]    |                                          ~~~~~~~~~~~~~~~~~~~~~~~~~~~~~
[INFO] [stdout] 
[INFO] [stdout] 
[INFO] [stdout] error: aborting due to 3 previous errors
[INFO] [stdout] 
[INFO] [stdout] 
[INFO] [stdout] error: aborting due to 3 previous errors
[INFO] [stdout] 
[INFO] [stdout] 
[INFO] [stdout] For more information about this error, try `rustc --explain E0061`.
[INFO] [stdout] 
[INFO] [stdout] For more information about this error, try `rustc --explain E0061`.
[INFO] [stdout] 
[INFO] [stderr] error: could not compile `rtiow` (bin "rtiow" test) due to 4 previous errors
[INFO] [stderr] warning: build failed, waiting for other jobs to finish...
[INFO] [stderr] error: could not compile `rtiow` (bin "rtiow") due to 4 previous errors
[INFO] running `Command { std: "docker" "inspect" "fd107966a4a104956eb70d6fece06b8e6578dcfda51beaf417990679914df843", kill_on_drop: false }`
[INFO] running `Command { std: "docker" "rm" "-f" "fd107966a4a104956eb70d6fece06b8e6578dcfda51beaf417990679914df843", kill_on_drop: false }`
[INFO] [stdout] fd107966a4a104956eb70d6fece06b8e6578dcfda51beaf417990679914df843
